{"id":2825,"date":"2024-08-12T15:27:51","date_gmt":"2024-08-12T15:27:51","guid":{"rendered":"https:\/\/topanindustrial.com.ar\/shop\/?post_type=product&#038;p=2825"},"modified":"2024-11-21T16:21:20","modified_gmt":"2024-11-21T16:21:20","slug":"pantalon-de-trabajo-cargo-aire-libre","status":"publish","type":"product","link":"https:\/\/topanindustrial.com.ar\/shop\/producto\/pantalon-de-trabajo-cargo-aire-libre\/","title":{"rendered":"Pantal\u00f3n de trabajo cargo &#8211; Aire Libre"},"content":{"rendered":"<p>Pantal\u00f3n de trabajo.\u00a0Tejido sarga 8 onzas.\u00a0Costuras reforzadas.\u00a0Bolsillos cargos y traseros con tabla para mayor guardado.<\/p>\n<p>CORTE: Recto<\/p>\n<p>DETALLES PARTICULARES:<\/p>\n<p>Delantero: 2 Bolsillos en costura con espacio de guardado<br \/>\nPierna: 2 Bolsillo cargo con espacio de guardado<br \/>\nTrasero: 2 bolsillos plaque con tapa con espacio de guardado<br \/>\nCintura: 7 Presillas pasa cinto<br \/>\nAbertura delantera: Bot\u00f3n met\u00e1lico en cintura y cartera con cierre diente met\u00e1lico<\/p>\n<p>La prenda est\u00e1 confeccionada con materiales y t\u00e9cnicas productivas acordes a un uso diario de alto desgaste.\u00a0Tejido r\u00edgido que conserva la forma por su t\u00edtulo o construcci\u00f3n.\u00a0Prenda 100% de algod\u00f3n.<\/p>\n","protected":false},"excerpt":{"rendered":"<p>Pantal\u00f3n de trabajo.\u00a0Tejido sarga 8 onzas.\u00a0Costuras reforzadas.\u00a0Bolsillos cargos y traseros con tabla para mayor guardado. CORTE: Recto DETALLES PARTICULARES: Delantero: 2 Bolsillos en costura con espacio de guardado Pierna: 2 Bolsillo cargo con espacio de guardado Trasero: 2 bolsillos plaque con tapa con espacio de guardado Cintura: 7 Presillas pasa cinto Abertura delantera: Bot\u00f3n met\u00e1lico [&#8230;]\n","protected":false},"featured_media":3643,"template":"","meta":{"_joinchat":[]},"product_brand":[],"product_cat":[163],"product_tag":[],"class_list":{"0":"post-2825","1":"product","2":"type-product","3":"status-publish","4":"has-post-thumbnail","6":"product_cat-aire-libre","8":"first","9":"instock","10":"shipping-taxable","11":"purchasable","12":"product-type-variable","13":"has-default-attributes","14":"add-to-wishlist-after_add_to_cart"},"yoast_head":"<!-- This site is optimized with the Yoast SEO plugin v25.2 - https:\/\/yoast.com\/wordpress\/plugins\/seo\/ -->\n<title>Pantal\u00f3n de trabajo cargo - Aire Libre - Topan Industrial<\/title>\n<meta name=\"robots\" content=\"index, follow, max-snippet:-1, max-image-preview:large, max-video-preview:-1\" \/>\n<link rel=\"canonical\" href=\"https:\/\/topanindustrial.com.ar\/shop\/producto\/pantalon-de-trabajo-cargo-aire-libre\/\" \/>\n<meta property=\"og:locale\" content=\"es_ES\" \/>\n<meta property=\"og:type\" content=\"article\" \/>\n<meta property=\"og:title\" content=\"Pantal\u00f3n de trabajo cargo - Aire Libre - Topan Industrial\" \/>\n<meta property=\"og:description\" content=\"Pantal\u00f3n de trabajo.\u00a0Tejido sarga 8 onzas.\u00a0Costuras reforzadas.\u00a0Bolsillos cargos y traseros con tabla para mayor guardado. CORTE: Recto DETALLES PARTICULARES: Delantero: 2 Bolsillos en costura con espacio de guardado Pierna: 2 Bolsillo cargo con espacio de guardado Trasero: 2 bolsillos plaque con tapa con espacio de guardado Cintura: 7 Presillas pasa cinto Abertura delantera: Bot\u00f3n met\u00e1lico [...]\" \/>\n<meta property=\"og:url\" content=\"https:\/\/topanindustrial.com.ar\/shop\/producto\/pantalon-de-trabajo-cargo-aire-libre\/\" \/>\n<meta property=\"og:site_name\" content=\"Topan Industrial\" \/>\n<meta property=\"article:publisher\" content=\"https:\/\/www.facebook.com\/OMBUTOPAN\" \/>\n<meta property=\"article:modified_time\" content=\"2024-11-21T16:21:20+00:00\" \/>\n<meta property=\"og:image\" content=\"https:\/\/topanindustrial.com.ar\/shop\/wp-content\/uploads\/pantalon-cargo-caqui.png\" \/>\n\t<meta property=\"og:image:width\" content=\"1080\" \/>\n\t<meta property=\"og:image:height\" content=\"1080\" \/>\n\t<meta property=\"og:image:type\" content=\"image\/png\" \/>\n<meta name=\"twitter:card\" content=\"summary_large_image\" \/>\n<meta name=\"twitter:label1\" content=\"Tiempo de lectura\" \/>\n\t<meta name=\"twitter:data1\" content=\"1 minuto\" \/>\n<script type=\"application\/ld+json\" class=\"yoast-schema-graph\">{\"@context\":\"https:\/\/schema.org\",\"@graph\":[{\"@type\":\"WebPage\",\"@id\":\"https:\/\/topanindustrial.com.ar\/shop\/producto\/pantalon-de-trabajo-cargo-aire-libre\/\",\"url\":\"https:\/\/topanindustrial.com.ar\/shop\/producto\/pantalon-de-trabajo-cargo-aire-libre\/\",\"name\":\"Pantal\u00f3n de trabajo cargo - Aire Libre - Topan Industrial\",\"isPartOf\":{\"@id\":\"https:\/\/topanindustrial.com.ar\/shop\/#website\"},\"primaryImageOfPage\":{\"@id\":\"https:\/\/topanindustrial.com.ar\/shop\/producto\/pantalon-de-trabajo-cargo-aire-libre\/#primaryimage\"},\"image\":{\"@id\":\"https:\/\/topanindustrial.com.ar\/shop\/producto\/pantalon-de-trabajo-cargo-aire-libre\/#primaryimage\"},\"thumbnailUrl\":\"https:\/\/topanindustrial.com.ar\/shop\/wp-content\/uploads\/pantalon-cargo-caqui.png\",\"datePublished\":\"2024-08-12T15:27:51+00:00\",\"dateModified\":\"2024-11-21T16:21:20+00:00\",\"breadcrumb\":{\"@id\":\"https:\/\/topanindustrial.com.ar\/shop\/producto\/pantalon-de-trabajo-cargo-aire-libre\/#breadcrumb\"},\"inLanguage\":\"es\",\"potentialAction\":[{\"@type\":\"ReadAction\",\"target\":[\"https:\/\/topanindustrial.com.ar\/shop\/producto\/pantalon-de-trabajo-cargo-aire-libre\/\"]}]},{\"@type\":\"ImageObject\",\"inLanguage\":\"es\",\"@id\":\"https:\/\/topanindustrial.com.ar\/shop\/producto\/pantalon-de-trabajo-cargo-aire-libre\/#primaryimage\",\"url\":\"https:\/\/topanindustrial.com.ar\/shop\/wp-content\/uploads\/pantalon-cargo-caqui.png\",\"contentUrl\":\"https:\/\/topanindustrial.com.ar\/shop\/wp-content\/uploads\/pantalon-cargo-caqui.png\",\"width\":1080,\"height\":1080},{\"@type\":\"BreadcrumbList\",\"@id\":\"https:\/\/topanindustrial.com.ar\/shop\/producto\/pantalon-de-trabajo-cargo-aire-libre\/#breadcrumb\",\"itemListElement\":[{\"@type\":\"ListItem\",\"position\":1,\"name\":\"Portada\",\"item\":\"https:\/\/topanindustrial.com.ar\/shop\/\"},{\"@type\":\"ListItem\",\"position\":2,\"name\":\"Tienda\",\"item\":\"https:\/\/topanindustrial.com.ar\/shop\/tienda\/\"},{\"@type\":\"ListItem\",\"position\":3,\"name\":\"Pantal\u00f3n de trabajo cargo &#8211; Aire Libre\"}]},{\"@type\":\"WebSite\",\"@id\":\"https:\/\/topanindustrial.com.ar\/shop\/#website\",\"url\":\"https:\/\/topanindustrial.com.ar\/shop\/\",\"name\":\"Topan Industrial\",\"description\":\"Ropa de Trabajo, Canzado de seguridad y Elementos de Seguridad industrial.\",\"publisher\":{\"@id\":\"https:\/\/topanindustrial.com.ar\/shop\/#organization\"},\"potentialAction\":[{\"@type\":\"SearchAction\",\"target\":{\"@type\":\"EntryPoint\",\"urlTemplate\":\"https:\/\/topanindustrial.com.ar\/shop\/?s={search_term_string}\"},\"query-input\":{\"@type\":\"PropertyValueSpecification\",\"valueRequired\":true,\"valueName\":\"search_term_string\"}}],\"inLanguage\":\"es\"},{\"@type\":\"Organization\",\"@id\":\"https:\/\/topanindustrial.com.ar\/shop\/#organization\",\"name\":\"Topan Industrial\",\"url\":\"https:\/\/topanindustrial.com.ar\/shop\/\",\"logo\":{\"@type\":\"ImageObject\",\"inLanguage\":\"es\",\"@id\":\"https:\/\/topanindustrial.com.ar\/shop\/#\/schema\/logo\/image\/\",\"url\":\"https:\/\/topanindustrial.com.ar\/shop\/wp-content\/uploads\/Logo-topan.png\",\"contentUrl\":\"https:\/\/topanindustrial.com.ar\/shop\/wp-content\/uploads\/Logo-topan.png\",\"width\":552,\"height\":471,\"caption\":\"Topan Industrial\"},\"image\":{\"@id\":\"https:\/\/topanindustrial.com.ar\/shop\/#\/schema\/logo\/image\/\"},\"sameAs\":[\"https:\/\/www.facebook.com\/OMBUTOPAN\"]}]}<\/script>\n<!-- \/ Yoast SEO plugin. -->","yoast_head_json":{"title":"Pantal\u00f3n de trabajo cargo - Aire Libre - Topan Industrial","robots":{"index":"index","follow":"follow","max-snippet":"max-snippet:-1","max-image-preview":"max-image-preview:large","max-video-preview":"max-video-preview:-1"},"canonical":"https:\/\/topanindustrial.com.ar\/shop\/producto\/pantalon-de-trabajo-cargo-aire-libre\/","og_locale":"es_ES","og_type":"article","og_title":"Pantal\u00f3n de trabajo cargo - Aire Libre - Topan Industrial","og_description":"Pantal\u00f3n de trabajo.\u00a0Tejido sarga 8 onzas.\u00a0Costuras reforzadas.\u00a0Bolsillos cargos y traseros con tabla para mayor guardado. CORTE: Recto DETALLES PARTICULARES: Delantero: 2 Bolsillos en costura con espacio de guardado Pierna: 2 Bolsillo cargo con espacio de guardado Trasero: 2 bolsillos plaque con tapa con espacio de guardado Cintura: 7 Presillas pasa cinto Abertura delantera: Bot\u00f3n met\u00e1lico [...]","og_url":"https:\/\/topanindustrial.com.ar\/shop\/producto\/pantalon-de-trabajo-cargo-aire-libre\/","og_site_name":"Topan Industrial","article_publisher":"https:\/\/www.facebook.com\/OMBUTOPAN","article_modified_time":"2024-11-21T16:21:20+00:00","og_image":[{"width":1080,"height":1080,"url":"https:\/\/topanindustrial.com.ar\/shop\/wp-content\/uploads\/pantalon-cargo-caqui.png","type":"image\/png"}],"twitter_card":"summary_large_image","twitter_misc":{"Tiempo de lectura":"1 minuto"},"schema":{"@context":"https:\/\/schema.org","@graph":[{"@type":"WebPage","@id":"https:\/\/topanindustrial.com.ar\/shop\/producto\/pantalon-de-trabajo-cargo-aire-libre\/","url":"https:\/\/topanindustrial.com.ar\/shop\/producto\/pantalon-de-trabajo-cargo-aire-libre\/","name":"Pantal\u00f3n de trabajo cargo - Aire Libre - Topan Industrial","isPartOf":{"@id":"https:\/\/topanindustrial.com.ar\/shop\/#website"},"primaryImageOfPage":{"@id":"https:\/\/topanindustrial.com.ar\/shop\/producto\/pantalon-de-trabajo-cargo-aire-libre\/#primaryimage"},"image":{"@id":"https:\/\/topanindustrial.com.ar\/shop\/producto\/pantalon-de-trabajo-cargo-aire-libre\/#primaryimage"},"thumbnailUrl":"https:\/\/topanindustrial.com.ar\/shop\/wp-content\/uploads\/pantalon-cargo-caqui.png","datePublished":"2024-08-12T15:27:51+00:00","dateModified":"2024-11-21T16:21:20+00:00","breadcrumb":{"@id":"https:\/\/topanindustrial.com.ar\/shop\/producto\/pantalon-de-trabajo-cargo-aire-libre\/#breadcrumb"},"inLanguage":"es","potentialAction":[{"@type":"ReadAction","target":["https:\/\/topanindustrial.com.ar\/shop\/producto\/pantalon-de-trabajo-cargo-aire-libre\/"]}]},{"@type":"ImageObject","inLanguage":"es","@id":"https:\/\/topanindustrial.com.ar\/shop\/producto\/pantalon-de-trabajo-cargo-aire-libre\/#primaryimage","url":"https:\/\/topanindustrial.com.ar\/shop\/wp-content\/uploads\/pantalon-cargo-caqui.png","contentUrl":"https:\/\/topanindustrial.com.ar\/shop\/wp-content\/uploads\/pantalon-cargo-caqui.png","width":1080,"height":1080},{"@type":"BreadcrumbList","@id":"https:\/\/topanindustrial.com.ar\/shop\/producto\/pantalon-de-trabajo-cargo-aire-libre\/#breadcrumb","itemListElement":[{"@type":"ListItem","position":1,"name":"Portada","item":"https:\/\/topanindustrial.com.ar\/shop\/"},{"@type":"ListItem","position":2,"name":"Tienda","item":"https:\/\/topanindustrial.com.ar\/shop\/tienda\/"},{"@type":"ListItem","position":3,"name":"Pantal\u00f3n de trabajo cargo &#8211; Aire Libre"}]},{"@type":"WebSite","@id":"https:\/\/topanindustrial.com.ar\/shop\/#website","url":"https:\/\/topanindustrial.com.ar\/shop\/","name":"Topan Industrial","description":"Ropa de Trabajo, Canzado de seguridad y Elementos de Seguridad industrial.","publisher":{"@id":"https:\/\/topanindustrial.com.ar\/shop\/#organization"},"potentialAction":[{"@type":"SearchAction","target":{"@type":"EntryPoint","urlTemplate":"https:\/\/topanindustrial.com.ar\/shop\/?s={search_term_string}"},"query-input":{"@type":"PropertyValueSpecification","valueRequired":true,"valueName":"search_term_string"}}],"inLanguage":"es"},{"@type":"Organization","@id":"https:\/\/topanindustrial.com.ar\/shop\/#organization","name":"Topan Industrial","url":"https:\/\/topanindustrial.com.ar\/shop\/","logo":{"@type":"ImageObject","inLanguage":"es","@id":"https:\/\/topanindustrial.com.ar\/shop\/#\/schema\/logo\/image\/","url":"https:\/\/topanindustrial.com.ar\/shop\/wp-content\/uploads\/Logo-topan.png","contentUrl":"https:\/\/topanindustrial.com.ar\/shop\/wp-content\/uploads\/Logo-topan.png","width":552,"height":471,"caption":"Topan Industrial"},"image":{"@id":"https:\/\/topanindustrial.com.ar\/shop\/#\/schema\/logo\/image\/"},"sameAs":["https:\/\/www.facebook.com\/OMBUTOPAN"]}]}},"_links":{"self":[{"href":"https:\/\/topanindustrial.com.ar\/shop\/wp-json\/wp\/v2\/product\/2825","targetHints":{"allow":["GET"]}}],"collection":[{"href":"https:\/\/topanindustrial.com.ar\/shop\/wp-json\/wp\/v2\/product"}],"about":[{"href":"https:\/\/topanindustrial.com.ar\/shop\/wp-json\/wp\/v2\/types\/product"}],"wp:featuredmedia":[{"embeddable":true,"href":"https:\/\/topanindustrial.com.ar\/shop\/wp-json\/wp\/v2\/media\/3643"}],"wp:attachment":[{"href":"https:\/\/topanindustrial.com.ar\/shop\/wp-json\/wp\/v2\/media?parent=2825"}],"wp:term":[{"taxonomy":"product_brand","embeddable":true,"href":"https:\/\/topanindustrial.com.ar\/shop\/wp-json\/wp\/v2\/product_brand?post=2825"},{"taxonomy":"product_cat","embeddable":true,"href":"https:\/\/topanindustrial.com.ar\/shop\/wp-json\/wp\/v2\/product_cat?post=2825"},{"taxonomy":"product_tag","embeddable":true,"href":"https:\/\/topanindustrial.com.ar\/shop\/wp-json\/wp\/v2\/product_tag?post=2825"}],"curies":[{"name":"wp","href":"https:\/\/api.w.org\/{rel}","templated":true}]}}