{"id":4582,"date":"2024-08-23T20:53:33","date_gmt":"2024-08-23T20:53:33","guid":{"rendered":"https:\/\/topanindustrial.com.ar\/shop\/?post_type=product&#038;p=4582"},"modified":"2024-08-23T21:01:32","modified_gmt":"2024-08-23T21:01:32","slug":"mascara-caucho-segurind-cara-completa-r-600","status":"publish","type":"product","link":"https:\/\/topanindustrial.com.ar\/shop\/producto\/mascara-caucho-segurind-cara-completa-r-600\/","title":{"rendered":"Mascara Caucho Segurind cara completa R-600"},"content":{"rendered":"<p>Mascara Caucho Segurind cara completa R-600 Bi-filtro:<\/p>\n<p>M\u00e1scara moldeada en compuesto de caucho natural quir\u00fargico<br \/>\n(color gris) SEIF 600-R bifiltro de procedencia Argentina, poseen:<\/p>\n<p>M\u00e1scara de caucho Seif de rostro completo.<br \/>\nArn\u00e9s de 5 tiras con hebillas de liberaci\u00f3n r\u00e1pida.<\/p>\n<p>Mascarilla buconasal interna anti empa\u00f1amiento.<br \/>\nV\u00e1lvula f\u00f3nica.<br \/>\nPuede ser utilizada con dos cartuchos de 110cc.<\/p>\n<p>Nueva M\u00e1scara SEIF inyectada en caucho termo-pl\u00e1stico atoxico, libre de FTALATOS.. Suave, flexible, hipo-alerg\u00e9nica (material certificado) y con alta resistencia a los qu\u00edmicos y a las altas temperaturas. Posee un visor acr\u00edlico resistente al impacto.<\/p>\n<p>Aplicaci\u00f3n: Para utilizarse con 2 cartuchos filtrantes de 110cc..<br \/>\nLa M\u00e1scara Panor\u00e1mica de Rostro Completo SEIF es fabricada y ensamblada bajo normas NIOSH. Dise\u00f1o y construcci\u00f3n seg\u00fan normas ANSI.Z.88.2 y EN.\/ NFPA 1981\/1992.<br \/>\nDise\u00f1o y fabricaci\u00f3n bajo Normas ISO 9001.<br \/>\nCertificado de prueba de M\u00e1scara por Posicheck 3.Resultados de est\u00e1tica, filtraciones, estanqueidad de la m\u00e1scara.<br \/>\nCAMPOS DE APLICACI\u00d3N:<br \/>\nMaderera<br \/>\nSiderurgia<br \/>\nMiner\u00eda<br \/>\nConstrucci\u00f3n<br \/>\nCentrales y distribuci\u00f3n El\u00e9ctrica<br \/>\nGas y petr\u00f3leo<br \/>\nPapelera<br \/>\nQu\u00edmica<br \/>\nLog\u00edstica<br \/>\nNaval<br \/>\nMilitar<br \/>\nFuerzas de Seguridad<br \/>\nAgro<br \/>\nIndustria<br \/>\nEntes estatales<br \/>\nFrigor\u00edficos<br \/>\nAlimentos<br \/>\nElectr\u00f3nica<br \/>\nAutomotriz<br \/>\nPinturas y derivados<br \/>\nFumigaci\u00f3n<br \/>\nPulidos<\/p>\n","protected":false},"excerpt":{"rendered":"<p>Mascara Caucho Segurind cara completa R-600 Bi-filtro: M\u00e1scara moldeada en compuesto de caucho natural quir\u00fargico (color gris) SEIF 600-R bifiltro de procedencia Argentina, poseen: M\u00e1scara de caucho Seif de rostro completo. Arn\u00e9s de 5 tiras con hebillas de liberaci\u00f3n r\u00e1pida. Mascarilla buconasal interna anti empa\u00f1amiento. V\u00e1lvula f\u00f3nica. Puede ser utilizada con dos cartuchos de 110cc. [&#8230;]\n","protected":false},"featured_media":4584,"template":"","meta":{"_joinchat":[]},"product_brand":[],"product_cat":[92],"product_tag":[177],"class_list":{"0":"post-4582","1":"product","2":"type-product","3":"status-publish","4":"has-post-thumbnail","6":"product_cat-proteccion-industrial","7":"product_tag-segurind","9":"first","10":"instock","11":"shipping-taxable","12":"purchasable","13":"product-type-simple","14":"add-to-wishlist-after_add_to_cart"},"yoast_head":"<!-- This site is optimized with the Yoast SEO plugin v25.2 - https:\/\/yoast.com\/wordpress\/plugins\/seo\/ -->\n<title>Mascara Caucho Segurind cara completa R-600 - Topan Industrial<\/title>\n<meta name=\"robots\" content=\"index, follow, max-snippet:-1, max-image-preview:large, max-video-preview:-1\" \/>\n<link rel=\"canonical\" href=\"https:\/\/topanindustrial.com.ar\/shop\/producto\/mascara-caucho-segurind-cara-completa-r-600\/\" \/>\n<meta property=\"og:locale\" content=\"es_ES\" \/>\n<meta property=\"og:type\" content=\"article\" \/>\n<meta property=\"og:title\" content=\"Mascara Caucho Segurind cara completa R-600 - Topan Industrial\" \/>\n<meta property=\"og:description\" content=\"Mascara Caucho Segurind cara completa R-600 Bi-filtro: M\u00e1scara moldeada en compuesto de caucho natural quir\u00fargico (color gris) SEIF 600-R bifiltro de procedencia Argentina, poseen: M\u00e1scara de caucho Seif de rostro completo. Arn\u00e9s de 5 tiras con hebillas de liberaci\u00f3n r\u00e1pida. Mascarilla buconasal interna anti empa\u00f1amiento. V\u00e1lvula f\u00f3nica. Puede ser utilizada con dos cartuchos de 110cc. [...]\" \/>\n<meta property=\"og:url\" content=\"https:\/\/topanindustrial.com.ar\/shop\/producto\/mascara-caucho-segurind-cara-completa-r-600\/\" \/>\n<meta property=\"og:site_name\" content=\"Topan Industrial\" \/>\n<meta property=\"article:publisher\" content=\"https:\/\/www.facebook.com\/OMBUTOPAN\" \/>\n<meta property=\"article:modified_time\" content=\"2024-08-23T21:01:32+00:00\" \/>\n<meta property=\"og:image\" content=\"https:\/\/topanindustrial.com.ar\/shop\/wp-content\/uploads\/mascara.png\" \/>\n\t<meta property=\"og:image:width\" content=\"521\" \/>\n\t<meta property=\"og:image:height\" content=\"515\" \/>\n\t<meta property=\"og:image:type\" content=\"image\/png\" \/>\n<meta name=\"twitter:card\" content=\"summary_large_image\" \/>\n<meta name=\"twitter:label1\" content=\"Tiempo de lectura\" \/>\n\t<meta name=\"twitter:data1\" content=\"2 minutos\" \/>\n<script type=\"application\/ld+json\" class=\"yoast-schema-graph\">{\"@context\":\"https:\/\/schema.org\",\"@graph\":[{\"@type\":\"WebPage\",\"@id\":\"https:\/\/topanindustrial.com.ar\/shop\/producto\/mascara-caucho-segurind-cara-completa-r-600\/\",\"url\":\"https:\/\/topanindustrial.com.ar\/shop\/producto\/mascara-caucho-segurind-cara-completa-r-600\/\",\"name\":\"Mascara Caucho Segurind cara completa R-600 - Topan Industrial\",\"isPartOf\":{\"@id\":\"https:\/\/topanindustrial.com.ar\/shop\/#website\"},\"primaryImageOfPage\":{\"@id\":\"https:\/\/topanindustrial.com.ar\/shop\/producto\/mascara-caucho-segurind-cara-completa-r-600\/#primaryimage\"},\"image\":{\"@id\":\"https:\/\/topanindustrial.com.ar\/shop\/producto\/mascara-caucho-segurind-cara-completa-r-600\/#primaryimage\"},\"thumbnailUrl\":\"https:\/\/topanindustrial.com.ar\/shop\/wp-content\/uploads\/mascara.png\",\"datePublished\":\"2024-08-23T20:53:33+00:00\",\"dateModified\":\"2024-08-23T21:01:32+00:00\",\"breadcrumb\":{\"@id\":\"https:\/\/topanindustrial.com.ar\/shop\/producto\/mascara-caucho-segurind-cara-completa-r-600\/#breadcrumb\"},\"inLanguage\":\"es\",\"potentialAction\":[{\"@type\":\"ReadAction\",\"target\":[\"https:\/\/topanindustrial.com.ar\/shop\/producto\/mascara-caucho-segurind-cara-completa-r-600\/\"]}]},{\"@type\":\"ImageObject\",\"inLanguage\":\"es\",\"@id\":\"https:\/\/topanindustrial.com.ar\/shop\/producto\/mascara-caucho-segurind-cara-completa-r-600\/#primaryimage\",\"url\":\"https:\/\/topanindustrial.com.ar\/shop\/wp-content\/uploads\/mascara.png\",\"contentUrl\":\"https:\/\/topanindustrial.com.ar\/shop\/wp-content\/uploads\/mascara.png\",\"width\":521,\"height\":515},{\"@type\":\"BreadcrumbList\",\"@id\":\"https:\/\/topanindustrial.com.ar\/shop\/producto\/mascara-caucho-segurind-cara-completa-r-600\/#breadcrumb\",\"itemListElement\":[{\"@type\":\"ListItem\",\"position\":1,\"name\":\"Portada\",\"item\":\"https:\/\/topanindustrial.com.ar\/shop\/\"},{\"@type\":\"ListItem\",\"position\":2,\"name\":\"Tienda\",\"item\":\"https:\/\/topanindustrial.com.ar\/shop\/tienda\/\"},{\"@type\":\"ListItem\",\"position\":3,\"name\":\"Mascara Caucho Segurind cara completa R-600\"}]},{\"@type\":\"WebSite\",\"@id\":\"https:\/\/topanindustrial.com.ar\/shop\/#website\",\"url\":\"https:\/\/topanindustrial.com.ar\/shop\/\",\"name\":\"Topan Industrial\",\"description\":\"Ropa de Trabajo, Canzado de seguridad y Elementos de Seguridad industrial.\",\"publisher\":{\"@id\":\"https:\/\/topanindustrial.com.ar\/shop\/#organization\"},\"potentialAction\":[{\"@type\":\"SearchAction\",\"target\":{\"@type\":\"EntryPoint\",\"urlTemplate\":\"https:\/\/topanindustrial.com.ar\/shop\/?s={search_term_string}\"},\"query-input\":{\"@type\":\"PropertyValueSpecification\",\"valueRequired\":true,\"valueName\":\"search_term_string\"}}],\"inLanguage\":\"es\"},{\"@type\":\"Organization\",\"@id\":\"https:\/\/topanindustrial.com.ar\/shop\/#organization\",\"name\":\"Topan Industrial\",\"url\":\"https:\/\/topanindustrial.com.ar\/shop\/\",\"logo\":{\"@type\":\"ImageObject\",\"inLanguage\":\"es\",\"@id\":\"https:\/\/topanindustrial.com.ar\/shop\/#\/schema\/logo\/image\/\",\"url\":\"https:\/\/topanindustrial.com.ar\/shop\/wp-content\/uploads\/Logo-topan.png\",\"contentUrl\":\"https:\/\/topanindustrial.com.ar\/shop\/wp-content\/uploads\/Logo-topan.png\",\"width\":552,\"height\":471,\"caption\":\"Topan Industrial\"},\"image\":{\"@id\":\"https:\/\/topanindustrial.com.ar\/shop\/#\/schema\/logo\/image\/\"},\"sameAs\":[\"https:\/\/www.facebook.com\/OMBUTOPAN\"]}]}<\/script>\n<!-- \/ Yoast SEO plugin. -->","yoast_head_json":{"title":"Mascara Caucho Segurind cara completa R-600 - Topan Industrial","robots":{"index":"index","follow":"follow","max-snippet":"max-snippet:-1","max-image-preview":"max-image-preview:large","max-video-preview":"max-video-preview:-1"},"canonical":"https:\/\/topanindustrial.com.ar\/shop\/producto\/mascara-caucho-segurind-cara-completa-r-600\/","og_locale":"es_ES","og_type":"article","og_title":"Mascara Caucho Segurind cara completa R-600 - Topan Industrial","og_description":"Mascara Caucho Segurind cara completa R-600 Bi-filtro: M\u00e1scara moldeada en compuesto de caucho natural quir\u00fargico (color gris) SEIF 600-R bifiltro de procedencia Argentina, poseen: M\u00e1scara de caucho Seif de rostro completo. Arn\u00e9s de 5 tiras con hebillas de liberaci\u00f3n r\u00e1pida. Mascarilla buconasal interna anti empa\u00f1amiento. V\u00e1lvula f\u00f3nica. Puede ser utilizada con dos cartuchos de 110cc. [...]","og_url":"https:\/\/topanindustrial.com.ar\/shop\/producto\/mascara-caucho-segurind-cara-completa-r-600\/","og_site_name":"Topan Industrial","article_publisher":"https:\/\/www.facebook.com\/OMBUTOPAN","article_modified_time":"2024-08-23T21:01:32+00:00","og_image":[{"width":521,"height":515,"url":"https:\/\/topanindustrial.com.ar\/shop\/wp-content\/uploads\/mascara.png","type":"image\/png"}],"twitter_card":"summary_large_image","twitter_misc":{"Tiempo de lectura":"2 minutos"},"schema":{"@context":"https:\/\/schema.org","@graph":[{"@type":"WebPage","@id":"https:\/\/topanindustrial.com.ar\/shop\/producto\/mascara-caucho-segurind-cara-completa-r-600\/","url":"https:\/\/topanindustrial.com.ar\/shop\/producto\/mascara-caucho-segurind-cara-completa-r-600\/","name":"Mascara Caucho Segurind cara completa R-600 - Topan Industrial","isPartOf":{"@id":"https:\/\/topanindustrial.com.ar\/shop\/#website"},"primaryImageOfPage":{"@id":"https:\/\/topanindustrial.com.ar\/shop\/producto\/mascara-caucho-segurind-cara-completa-r-600\/#primaryimage"},"image":{"@id":"https:\/\/topanindustrial.com.ar\/shop\/producto\/mascara-caucho-segurind-cara-completa-r-600\/#primaryimage"},"thumbnailUrl":"https:\/\/topanindustrial.com.ar\/shop\/wp-content\/uploads\/mascara.png","datePublished":"2024-08-23T20:53:33+00:00","dateModified":"2024-08-23T21:01:32+00:00","breadcrumb":{"@id":"https:\/\/topanindustrial.com.ar\/shop\/producto\/mascara-caucho-segurind-cara-completa-r-600\/#breadcrumb"},"inLanguage":"es","potentialAction":[{"@type":"ReadAction","target":["https:\/\/topanindustrial.com.ar\/shop\/producto\/mascara-caucho-segurind-cara-completa-r-600\/"]}]},{"@type":"ImageObject","inLanguage":"es","@id":"https:\/\/topanindustrial.com.ar\/shop\/producto\/mascara-caucho-segurind-cara-completa-r-600\/#primaryimage","url":"https:\/\/topanindustrial.com.ar\/shop\/wp-content\/uploads\/mascara.png","contentUrl":"https:\/\/topanindustrial.com.ar\/shop\/wp-content\/uploads\/mascara.png","width":521,"height":515},{"@type":"BreadcrumbList","@id":"https:\/\/topanindustrial.com.ar\/shop\/producto\/mascara-caucho-segurind-cara-completa-r-600\/#breadcrumb","itemListElement":[{"@type":"ListItem","position":1,"name":"Portada","item":"https:\/\/topanindustrial.com.ar\/shop\/"},{"@type":"ListItem","position":2,"name":"Tienda","item":"https:\/\/topanindustrial.com.ar\/shop\/tienda\/"},{"@type":"ListItem","position":3,"name":"Mascara Caucho Segurind cara completa R-600"}]},{"@type":"WebSite","@id":"https:\/\/topanindustrial.com.ar\/shop\/#website","url":"https:\/\/topanindustrial.com.ar\/shop\/","name":"Topan Industrial","description":"Ropa de Trabajo, Canzado de seguridad y Elementos de Seguridad industrial.","publisher":{"@id":"https:\/\/topanindustrial.com.ar\/shop\/#organization"},"potentialAction":[{"@type":"SearchAction","target":{"@type":"EntryPoint","urlTemplate":"https:\/\/topanindustrial.com.ar\/shop\/?s={search_term_string}"},"query-input":{"@type":"PropertyValueSpecification","valueRequired":true,"valueName":"search_term_string"}}],"inLanguage":"es"},{"@type":"Organization","@id":"https:\/\/topanindustrial.com.ar\/shop\/#organization","name":"Topan Industrial","url":"https:\/\/topanindustrial.com.ar\/shop\/","logo":{"@type":"ImageObject","inLanguage":"es","@id":"https:\/\/topanindustrial.com.ar\/shop\/#\/schema\/logo\/image\/","url":"https:\/\/topanindustrial.com.ar\/shop\/wp-content\/uploads\/Logo-topan.png","contentUrl":"https:\/\/topanindustrial.com.ar\/shop\/wp-content\/uploads\/Logo-topan.png","width":552,"height":471,"caption":"Topan Industrial"},"image":{"@id":"https:\/\/topanindustrial.com.ar\/shop\/#\/schema\/logo\/image\/"},"sameAs":["https:\/\/www.facebook.com\/OMBUTOPAN"]}]}},"_links":{"self":[{"href":"https:\/\/topanindustrial.com.ar\/shop\/wp-json\/wp\/v2\/product\/4582","targetHints":{"allow":["GET"]}}],"collection":[{"href":"https:\/\/topanindustrial.com.ar\/shop\/wp-json\/wp\/v2\/product"}],"about":[{"href":"https:\/\/topanindustrial.com.ar\/shop\/wp-json\/wp\/v2\/types\/product"}],"wp:featuredmedia":[{"embeddable":true,"href":"https:\/\/topanindustrial.com.ar\/shop\/wp-json\/wp\/v2\/media\/4584"}],"wp:attachment":[{"href":"https:\/\/topanindustrial.com.ar\/shop\/wp-json\/wp\/v2\/media?parent=4582"}],"wp:term":[{"taxonomy":"product_brand","embeddable":true,"href":"https:\/\/topanindustrial.com.ar\/shop\/wp-json\/wp\/v2\/product_brand?post=4582"},{"taxonomy":"product_cat","embeddable":true,"href":"https:\/\/topanindustrial.com.ar\/shop\/wp-json\/wp\/v2\/product_cat?post=4582"},{"taxonomy":"product_tag","embeddable":true,"href":"https:\/\/topanindustrial.com.ar\/shop\/wp-json\/wp\/v2\/product_tag?post=4582"}],"curies":[{"name":"wp","href":"https:\/\/api.w.org\/{rel}","templated":true}]}}