{"id":911,"date":"2024-07-27T15:18:51","date_gmt":"2024-07-27T15:18:51","guid":{"rendered":"https:\/\/topanindustrial.com.ar\/shop\/?post_type=product&#038;p=911"},"modified":"2024-08-09T14:25:03","modified_gmt":"2024-08-09T14:25:03","slug":"guante-pvc-rojo-30-cm-toysa","status":"publish","type":"product","link":"https:\/\/topanindustrial.com.ar\/shop\/producto\/guante-pvc-rojo-30-cm-toysa\/","title":{"rendered":"Guante PVC rojo 30 cm TOYSA"},"content":{"rendered":"<p>El guante de PVC es un producto de uso industrial que brinda seguridad a los miembros superiores del trabajador. Las \u00e1reas protegidas depender\u00e1n del largo del guante a utilizar que van desde el modelo corto para protecci\u00f3n de manos, hasta los guantes de 70cm de largo que protegen la totalidad del brazo, utilizado para profundidad en la inmersi\u00f3n. Posee una importante capacidad mec\u00e1nica fundamentalmente en lo referente a resistencia a la abrasi\u00f3n y al desgarro. Si bien no es un producto dise\u00f1ado para el uso como anti corte o anti perforaci\u00f3n, su soporte textil y el espesor del pvc aportan gran resistencia en este sentido. (*) Se destaca la elevada desteridad del producto, facilitando la maniobrabilidad y brindando confort y flexibilidad en las operaciones. Es un producto de vida prolongada, no sufre degradaciones en condiciones normales de uso. El pvc confiere un agarre \u00f3ptimo para la manipulaci\u00f3n de elementos. Aporta resistencia a los microorganismos en contacto con la transpiraci\u00f3n del cuerpo(*) Confiere una importante resistencia t\u00e9rmica (*) ideal para inmersi\u00f3n en medios exot\u00e9rmicos. No se recomienda su uso en temperaturas superiores a 80\u00b0C ya que puede degradarse.<\/p>\n<ul>\n<li>\u2022 Inmersi\u00f3n de miembro superior en productos qu\u00edmicos especificados en forma puntual o reiterativa.<\/li>\n<li>\u2022 Tareas de mantenimiento en medios h\u00famedos, donde el trabajador tome contacto con \u00e1cidos, bases o hidrocarburos.<\/li>\n<li>\u2022 Actividades de limpieza en contacto con qu\u00edmicos o manipulaci\u00f3n de residuos.<\/li>\n<li>\u2022 Principales industrias: Industria automotriz, cer\u00e1mica, manipulaci\u00f3n de residuos, petrolera, agricultura.<\/li>\n<\/ul>\n<p><em>(*) las caracter\u00edsticas t\u00e9cnicas especificadas con el presente asterisco son producto de la experiencia y uso industrial, pero no se encuentran homologadas por ensayos acreditados.<\/em><\/p>\n<ul>\n<li>L\u00ednea: PVC<\/li>\n<li>Superficie: Liso<\/li>\n<li>Espesor: Espesor simple<\/li>\n<li>Longitud: 30<\/li>\n<li>Riesgo T\u00e9rmico: No apto para bajas temperaturas<\/li>\n<li>Pu\u00f1o: Pu\u00f1o abierto<\/li>\n<li>Color: Rojo<\/li>\n<li>Talle: T10<\/li>\n<\/ul>\n<hgroup>\n<h5>NORMA IRAM\u00a0<strong>3608<\/strong><\/h5>\n<\/hgroup>\n","protected":false},"excerpt":{"rendered":"<p>Protege la piel de los riesgos qu\u00edmicos de los compuestos utilizados en el lugar de trabajo, fundamentalmente en uso de Hidrocarburos, \u00c1cidos y Bases. La experiencia industrial demuestra su eficacia en contacto con Solvente alif\u00e1ticos, hidrocarburos, cal, detergentes, fosfatos, glicerinas, grasas minerales y animales, nitratos, nafta, pinturas, barnices, silicatos, tintas y alcohol, entre otros.<\/p>\n","protected":false},"featured_media":912,"template":"","meta":{"_joinchat":[]},"product_brand":[],"product_cat":[68,76],"product_tag":[99,94],"class_list":{"0":"post-911","1":"product","2":"type-product","3":"status-publish","4":"has-post-thumbnail","6":"product_cat-elementos-seguridad","7":"product_cat-proteccion-de-manos","8":"product_tag-guante-pvc","9":"product_tag-toysa","11":"first","12":"instock","13":"shipping-taxable","14":"purchasable","15":"product-type-simple","16":"add-to-wishlist-after_add_to_cart"},"yoast_head":"<!-- This site is optimized with the Yoast SEO plugin v25.2 - https:\/\/yoast.com\/wordpress\/plugins\/seo\/ -->\n<title>Guante PVC rojo 30 cm TOYSA - Topan Industrial<\/title>\n<meta name=\"robots\" content=\"index, follow, max-snippet:-1, max-image-preview:large, max-video-preview:-1\" \/>\n<link rel=\"canonical\" href=\"https:\/\/topanindustrial.com.ar\/shop\/producto\/guante-pvc-rojo-30-cm-toysa\/\" \/>\n<meta property=\"og:locale\" content=\"es_ES\" \/>\n<meta property=\"og:type\" content=\"article\" \/>\n<meta property=\"og:title\" content=\"Guante PVC rojo 30 cm TOYSA - Topan Industrial\" \/>\n<meta property=\"og:description\" content=\"Protege la piel de los riesgos qu\u00edmicos de los compuestos utilizados en el lugar de trabajo, fundamentalmente en uso de Hidrocarburos, \u00c1cidos y Bases. La experiencia industrial demuestra su eficacia en contacto con Solvente alif\u00e1ticos, hidrocarburos, cal, detergentes, fosfatos, glicerinas, grasas minerales y animales, nitratos, nafta, pinturas, barnices, silicatos, tintas y alcohol, entre otros.\" \/>\n<meta property=\"og:url\" content=\"https:\/\/topanindustrial.com.ar\/shop\/producto\/guante-pvc-rojo-30-cm-toysa\/\" \/>\n<meta property=\"og:site_name\" content=\"Topan Industrial\" \/>\n<meta property=\"article:publisher\" content=\"https:\/\/www.facebook.com\/OMBUTOPAN\" \/>\n<meta property=\"article:modified_time\" content=\"2024-08-09T14:25:03+00:00\" \/>\n<meta property=\"og:image\" content=\"https:\/\/topanindustrial.com.ar\/shop\/wp-content\/uploads\/3.png\" \/>\n\t<meta property=\"og:image:width\" content=\"519\" \/>\n\t<meta property=\"og:image:height\" content=\"518\" \/>\n\t<meta property=\"og:image:type\" content=\"image\/png\" \/>\n<meta name=\"twitter:card\" content=\"summary_large_image\" \/>\n<meta name=\"twitter:label1\" content=\"Tiempo de lectura\" \/>\n\t<meta name=\"twitter:data1\" content=\"2 minutos\" \/>\n<script type=\"application\/ld+json\" class=\"yoast-schema-graph\">{\"@context\":\"https:\/\/schema.org\",\"@graph\":[{\"@type\":\"WebPage\",\"@id\":\"https:\/\/topanindustrial.com.ar\/shop\/producto\/guante-pvc-rojo-30-cm-toysa\/\",\"url\":\"https:\/\/topanindustrial.com.ar\/shop\/producto\/guante-pvc-rojo-30-cm-toysa\/\",\"name\":\"Guante PVC rojo 30 cm TOYSA - Topan Industrial\",\"isPartOf\":{\"@id\":\"https:\/\/topanindustrial.com.ar\/shop\/#website\"},\"primaryImageOfPage\":{\"@id\":\"https:\/\/topanindustrial.com.ar\/shop\/producto\/guante-pvc-rojo-30-cm-toysa\/#primaryimage\"},\"image\":{\"@id\":\"https:\/\/topanindustrial.com.ar\/shop\/producto\/guante-pvc-rojo-30-cm-toysa\/#primaryimage\"},\"thumbnailUrl\":\"https:\/\/topanindustrial.com.ar\/shop\/wp-content\/uploads\/3.png\",\"datePublished\":\"2024-07-27T15:18:51+00:00\",\"dateModified\":\"2024-08-09T14:25:03+00:00\",\"breadcrumb\":{\"@id\":\"https:\/\/topanindustrial.com.ar\/shop\/producto\/guante-pvc-rojo-30-cm-toysa\/#breadcrumb\"},\"inLanguage\":\"es\",\"potentialAction\":[{\"@type\":\"ReadAction\",\"target\":[\"https:\/\/topanindustrial.com.ar\/shop\/producto\/guante-pvc-rojo-30-cm-toysa\/\"]}]},{\"@type\":\"ImageObject\",\"inLanguage\":\"es\",\"@id\":\"https:\/\/topanindustrial.com.ar\/shop\/producto\/guante-pvc-rojo-30-cm-toysa\/#primaryimage\",\"url\":\"https:\/\/topanindustrial.com.ar\/shop\/wp-content\/uploads\/3.png\",\"contentUrl\":\"https:\/\/topanindustrial.com.ar\/shop\/wp-content\/uploads\/3.png\",\"width\":519,\"height\":518},{\"@type\":\"BreadcrumbList\",\"@id\":\"https:\/\/topanindustrial.com.ar\/shop\/producto\/guante-pvc-rojo-30-cm-toysa\/#breadcrumb\",\"itemListElement\":[{\"@type\":\"ListItem\",\"position\":1,\"name\":\"Portada\",\"item\":\"https:\/\/topanindustrial.com.ar\/shop\/\"},{\"@type\":\"ListItem\",\"position\":2,\"name\":\"Tienda\",\"item\":\"https:\/\/topanindustrial.com.ar\/shop\/tienda\/\"},{\"@type\":\"ListItem\",\"position\":3,\"name\":\"Guante PVC rojo 30 cm TOYSA\"}]},{\"@type\":\"WebSite\",\"@id\":\"https:\/\/topanindustrial.com.ar\/shop\/#website\",\"url\":\"https:\/\/topanindustrial.com.ar\/shop\/\",\"name\":\"Topan Industrial\",\"description\":\"Ropa de Trabajo, Canzado de seguridad y Elementos de Seguridad industrial.\",\"publisher\":{\"@id\":\"https:\/\/topanindustrial.com.ar\/shop\/#organization\"},\"potentialAction\":[{\"@type\":\"SearchAction\",\"target\":{\"@type\":\"EntryPoint\",\"urlTemplate\":\"https:\/\/topanindustrial.com.ar\/shop\/?s={search_term_string}\"},\"query-input\":{\"@type\":\"PropertyValueSpecification\",\"valueRequired\":true,\"valueName\":\"search_term_string\"}}],\"inLanguage\":\"es\"},{\"@type\":\"Organization\",\"@id\":\"https:\/\/topanindustrial.com.ar\/shop\/#organization\",\"name\":\"Topan Industrial\",\"url\":\"https:\/\/topanindustrial.com.ar\/shop\/\",\"logo\":{\"@type\":\"ImageObject\",\"inLanguage\":\"es\",\"@id\":\"https:\/\/topanindustrial.com.ar\/shop\/#\/schema\/logo\/image\/\",\"url\":\"https:\/\/topanindustrial.com.ar\/shop\/wp-content\/uploads\/Logo-topan.png\",\"contentUrl\":\"https:\/\/topanindustrial.com.ar\/shop\/wp-content\/uploads\/Logo-topan.png\",\"width\":552,\"height\":471,\"caption\":\"Topan Industrial\"},\"image\":{\"@id\":\"https:\/\/topanindustrial.com.ar\/shop\/#\/schema\/logo\/image\/\"},\"sameAs\":[\"https:\/\/www.facebook.com\/OMBUTOPAN\"]}]}<\/script>\n<!-- \/ Yoast SEO plugin. -->","yoast_head_json":{"title":"Guante PVC rojo 30 cm TOYSA - Topan Industrial","robots":{"index":"index","follow":"follow","max-snippet":"max-snippet:-1","max-image-preview":"max-image-preview:large","max-video-preview":"max-video-preview:-1"},"canonical":"https:\/\/topanindustrial.com.ar\/shop\/producto\/guante-pvc-rojo-30-cm-toysa\/","og_locale":"es_ES","og_type":"article","og_title":"Guante PVC rojo 30 cm TOYSA - Topan Industrial","og_description":"Protege la piel de los riesgos qu\u00edmicos de los compuestos utilizados en el lugar de trabajo, fundamentalmente en uso de Hidrocarburos, \u00c1cidos y Bases. La experiencia industrial demuestra su eficacia en contacto con Solvente alif\u00e1ticos, hidrocarburos, cal, detergentes, fosfatos, glicerinas, grasas minerales y animales, nitratos, nafta, pinturas, barnices, silicatos, tintas y alcohol, entre otros.","og_url":"https:\/\/topanindustrial.com.ar\/shop\/producto\/guante-pvc-rojo-30-cm-toysa\/","og_site_name":"Topan Industrial","article_publisher":"https:\/\/www.facebook.com\/OMBUTOPAN","article_modified_time":"2024-08-09T14:25:03+00:00","og_image":[{"width":519,"height":518,"url":"https:\/\/topanindustrial.com.ar\/shop\/wp-content\/uploads\/3.png","type":"image\/png"}],"twitter_card":"summary_large_image","twitter_misc":{"Tiempo de lectura":"2 minutos"},"schema":{"@context":"https:\/\/schema.org","@graph":[{"@type":"WebPage","@id":"https:\/\/topanindustrial.com.ar\/shop\/producto\/guante-pvc-rojo-30-cm-toysa\/","url":"https:\/\/topanindustrial.com.ar\/shop\/producto\/guante-pvc-rojo-30-cm-toysa\/","name":"Guante PVC rojo 30 cm TOYSA - Topan Industrial","isPartOf":{"@id":"https:\/\/topanindustrial.com.ar\/shop\/#website"},"primaryImageOfPage":{"@id":"https:\/\/topanindustrial.com.ar\/shop\/producto\/guante-pvc-rojo-30-cm-toysa\/#primaryimage"},"image":{"@id":"https:\/\/topanindustrial.com.ar\/shop\/producto\/guante-pvc-rojo-30-cm-toysa\/#primaryimage"},"thumbnailUrl":"https:\/\/topanindustrial.com.ar\/shop\/wp-content\/uploads\/3.png","datePublished":"2024-07-27T15:18:51+00:00","dateModified":"2024-08-09T14:25:03+00:00","breadcrumb":{"@id":"https:\/\/topanindustrial.com.ar\/shop\/producto\/guante-pvc-rojo-30-cm-toysa\/#breadcrumb"},"inLanguage":"es","potentialAction":[{"@type":"ReadAction","target":["https:\/\/topanindustrial.com.ar\/shop\/producto\/guante-pvc-rojo-30-cm-toysa\/"]}]},{"@type":"ImageObject","inLanguage":"es","@id":"https:\/\/topanindustrial.com.ar\/shop\/producto\/guante-pvc-rojo-30-cm-toysa\/#primaryimage","url":"https:\/\/topanindustrial.com.ar\/shop\/wp-content\/uploads\/3.png","contentUrl":"https:\/\/topanindustrial.com.ar\/shop\/wp-content\/uploads\/3.png","width":519,"height":518},{"@type":"BreadcrumbList","@id":"https:\/\/topanindustrial.com.ar\/shop\/producto\/guante-pvc-rojo-30-cm-toysa\/#breadcrumb","itemListElement":[{"@type":"ListItem","position":1,"name":"Portada","item":"https:\/\/topanindustrial.com.ar\/shop\/"},{"@type":"ListItem","position":2,"name":"Tienda","item":"https:\/\/topanindustrial.com.ar\/shop\/tienda\/"},{"@type":"ListItem","position":3,"name":"Guante PVC rojo 30 cm TOYSA"}]},{"@type":"WebSite","@id":"https:\/\/topanindustrial.com.ar\/shop\/#website","url":"https:\/\/topanindustrial.com.ar\/shop\/","name":"Topan Industrial","description":"Ropa de Trabajo, Canzado de seguridad y Elementos de Seguridad industrial.","publisher":{"@id":"https:\/\/topanindustrial.com.ar\/shop\/#organization"},"potentialAction":[{"@type":"SearchAction","target":{"@type":"EntryPoint","urlTemplate":"https:\/\/topanindustrial.com.ar\/shop\/?s={search_term_string}"},"query-input":{"@type":"PropertyValueSpecification","valueRequired":true,"valueName":"search_term_string"}}],"inLanguage":"es"},{"@type":"Organization","@id":"https:\/\/topanindustrial.com.ar\/shop\/#organization","name":"Topan Industrial","url":"https:\/\/topanindustrial.com.ar\/shop\/","logo":{"@type":"ImageObject","inLanguage":"es","@id":"https:\/\/topanindustrial.com.ar\/shop\/#\/schema\/logo\/image\/","url":"https:\/\/topanindustrial.com.ar\/shop\/wp-content\/uploads\/Logo-topan.png","contentUrl":"https:\/\/topanindustrial.com.ar\/shop\/wp-content\/uploads\/Logo-topan.png","width":552,"height":471,"caption":"Topan Industrial"},"image":{"@id":"https:\/\/topanindustrial.com.ar\/shop\/#\/schema\/logo\/image\/"},"sameAs":["https:\/\/www.facebook.com\/OMBUTOPAN"]}]}},"_links":{"self":[{"href":"https:\/\/topanindustrial.com.ar\/shop\/wp-json\/wp\/v2\/product\/911","targetHints":{"allow":["GET"]}}],"collection":[{"href":"https:\/\/topanindustrial.com.ar\/shop\/wp-json\/wp\/v2\/product"}],"about":[{"href":"https:\/\/topanindustrial.com.ar\/shop\/wp-json\/wp\/v2\/types\/product"}],"wp:featuredmedia":[{"embeddable":true,"href":"https:\/\/topanindustrial.com.ar\/shop\/wp-json\/wp\/v2\/media\/912"}],"wp:attachment":[{"href":"https:\/\/topanindustrial.com.ar\/shop\/wp-json\/wp\/v2\/media?parent=911"}],"wp:term":[{"taxonomy":"product_brand","embeddable":true,"href":"https:\/\/topanindustrial.com.ar\/shop\/wp-json\/wp\/v2\/product_brand?post=911"},{"taxonomy":"product_cat","embeddable":true,"href":"https:\/\/topanindustrial.com.ar\/shop\/wp-json\/wp\/v2\/product_cat?post=911"},{"taxonomy":"product_tag","embeddable":true,"href":"https:\/\/topanindustrial.com.ar\/shop\/wp-json\/wp\/v2\/product_tag?post=911"}],"curies":[{"name":"wp","href":"https:\/\/api.w.org\/{rel}","templated":true}]}}